. List the prime factors of f(4).
2, 2591
Let w(m) be the first derivative of -5*m + 4/3*m**3 + 24 - 3/2*m**2. What are the prime factors of w(5)?
2, 5
Suppose -6*b - 93965 = -9*b - 2*t, -2*b - t + 62644 = 0. List the prime factors of b.
3, 53, 197
Suppose 6 = 3*j - 258. Let d = j - 81. Let h(k) = -2*k**2 + 21*k - 4. What are the prime factors of h(d)?
3, 5
Let f(y) = -y**3 + 11*y**2 + 12*y + 2. Let k be f(12). Suppose -30 + k = -7*p. Suppose 404 = p*o - 4*x - 0*x, o - 3*x - 103 = 0. List the prime factors of o.
2, 5
Let t(p) be the third derivative of -p**6/120 - 7*p**5/60 + 5*p**4/12 + 3*p**3 + p**2. Let i be t(-8). Suppose 16 + 78 = i*u. What are the prime factors of u?
47
Let c(d) = -2*d**3 - 10*d - 12. List the prime factors of c(-4).
2, 3, 13
Suppose l + y + 116 = -2*l, y - 44 = l. Let q = l + 29. Let x = q + 48. List the prime factors of x.
37
Let p = 42 - 80. Let j = 51 + p. Suppose j*b = 7*b + 426. List the prime factors of b.
71
Suppose -182*y - 307588 - 347902 = -193*y. List the prime factors of y.
2, 5, 59, 101
What are the prime factors of 3558*30/(-1 + -4)*(-14)/28?
2, 3, 593
Suppose -77120 = -29*g + 67532. What are the prime factors of g?
2, 29, 43
List the prime factors of 2 + 8*2763/72.
3, 103
Let i(f) = 74*f - 10. Let d be i(5). Let b be ((-5)/(-3))/((-363)/d - -1). Let k = -88 - b. What are the prime factors of k?
2, 7
Suppose 14731 + 26506 = 38*b + 10381. List the prime factors of b.
2, 7, 29
Suppose 2*y = 103196 + 150778. What are the prime factors of 4/(-30) + y/315?
13, 31
Let h(y) = 486*y + 3293. List the prime factors of h(19).
12527
Suppose -31*k + 8*k - 30*k = -128419. List the prime factors of k.
2423
Let g = -97 + 99. Suppose l = -3*a + 10, 3 = -4*a - 5*l - g. Suppose -514 = -2*x - 2*s, -4*s + 1285 = a*x - 5*s. What are the prime factors of x?
257
Let t(f) = -f**3 - f**2 + f - 6. Suppose -2*q - 8 = 0, -3*d + 2*d - 4*q - 14 = 0. Suppose -1 = -d*v - 9. What are the prime factors of t(v)?
2, 19
Let d be 4 + (-2 - -2) - 4. Suppose -11*t + 20 + 24 = d. Suppose 4*q - q + b = 58, -t*q + b = -89. What are the prime factors of q?
3, 7
Let n(c) = c**3 + 2*c**2 - 2*c - 5. Let l be n(0). Let w(r) = 8*r**2 + 5*r + 2. List the prime factors of w(l).
3, 59
Let z(b) = 2*b**3 + 23*b**2 - 39*b + 5. Let q be z(-13). Suppose -d - 4*n + 496 = 0, 7*d - 3*d - 1929 = -q*n. What are the prime factors of d?
2, 7, 17
Let q(v) = -520*v**3 + v**2 + 331*v + 1328. What are the prime factors of q(-4)?
2, 3, 5, 37
Let o = 39050 + -9374. List the prime factors of o.
2, 3, 2473
Suppose -5*r + y = -155201, 4*r - 15*y + 14*y - 124162 = 0. What are the prime factors of r?
31039
Suppose -4514*y = -4506*y - 221456. What are the prime factors of y?
2, 13841
Let a(p) be the first derivative of -p**2/2 + 20*p - 8. Let f be a(-10). Suppose v - 4*h = -2, 3*h + 0*h = 3*v - f. List the prime factors of v.
2, 7
Suppose 12594 = i + 6*w, -103*w = -i - 98*w + 12583. List the prime factors of i.
2, 3, 1049
What are the prime factors of -8 + (18 - 2) - 7479/(-3)?
41, 61
Let f(l) = 3*l + 2. Let c be f(-7). Let s = 20 + c. What are the prime factors of (-2 - -5 - -110) + s?
2, 3, 19
Suppose -6*i - 2742 = -9*i. Let n = i - 474. List the prime factors of n.
2, 5, 11
Suppose -86*a + 7894 = 2*k - 82*a, -5*a = 25. What are the prime factors of k?
3, 1319
Let r be (-5)/(-4) - 231885/(-60). What are the prime factors of 19/((-133)/2) - r/(-7)?
2, 3, 23
Suppose -2*c + 4*k + 68869 = -21427, -5*k = -5*c + 225705. What are the prime factors of c?
2, 22567
Let i be 40/140 - (-68)/7. Suppose q - 3*d - 2*d + i = 0, 0 = -4*q - 5*d - 165. List the prime factors of 105/6*(-42)/q.
3, 7
Suppose 38 = -4*d + 3*s, -14 = 2*d - 0*s - 4*s. List the prime factors of 1081 - ((-25)/50 - d/2).
2, 269
Suppose -1 + 11 = f. Let h(n) = 13*n**2 - 3*n**2 + 6*n**2 + n - f. List the prime factors of h(-3).
131
Suppose 0 = -5*o - i + 49, -4*o = 4*i - 7*i - 43. Suppose -3 = 7*l - o*l, 2*l = -4*b + 1574. List the prime factors of b.
3, 131
Let w(c) = 226*c + 12. Let l be w(4). Suppose 4*y - 6*t - 921 = -11*t, 4*y = -4*t + l. What are the prime factors of y?
2, 7
Let c be (-5)/(11/(-15) + 4/10). Suppose c*l - 14*l - 224 = 0. Let g = l + -133. List the prime factors of g.
7, 13
Let u = -123 + 121. Let z(p) = 140*p**2 + 14*p + 30. List the prime factors of z(u).
2, 281
What are the prime factors of 1032/9*(4860/(-8))/(-5)?
2, 3, 43
Let u be ((-496)/217)/((-22)/(-55) - 19/35). Let y = -135 + 64. Let n = u - y. What are the prime factors of n?
3, 29
Let r be 1 + ((-12)/1)/(-3). Suppose -26 + 121 = -r*u. Let m = u - -98. What are the prime factors of m?
79
Suppose -2298 = 6*s - 40938. List the prime factors of s.
2, 5, 7, 23
Let v = 253 + -324. Suppose -b = -0*b - 90. Let u = b - v. What are the prime factors of u?
7, 23
Suppose 5*f - 135 = -10. Let b(l) = -l**2 - 13*l - 7. Let a be b(-12). Suppose 3*w = 8*w - a*t - 515, 5*t + f = 0. List the prime factors of w.
2, 7
Suppose -27 = -5*n + 3038. Let h = n - 346. Let f = -130 + h. What are the prime factors of f?
137
Suppose 0 = 3*x - 3*k - 254877, -3*k + 213633 + 41280 = 3*x. List the prime factors of x.
5, 16993
Suppose 3*f = -0*l + 4*l - 978, 500 = 2*l + 4*f. Let p = l + -80. List the prime factors of p.
2, 83
Suppose 0 = -15*d + 157522 - 25747. What are the prime factors of d?
5, 7, 251
Let w be -1*((-5)/6)/(2/(-12)). Let t be 2/w + (-22)/(-5). Suppose -625 = -t*z + 135. What are the prime factors of z?
2, 5, 19
Let n be (24/6 - 0)*(-15)/(-3). Suppose -19*m = -n*m + 869. List the prime factors of m.
11, 79
Suppose 7*q - 20 = 2*q. Suppose -q*o + d = -1207, 3*o + 5*d - 283 = 605. List the prime factors of o.
7, 43
Let j = -152 - -234. Suppose 5*w + 3*c + 59 = w, -5*w - c = j. What are the prime factors of (-1)/(-2)*2*w/(-1)?
17
Let i be 6*13/(-4)*-2. Suppose -7*y - a - 35 = -3*y, 4*y = 3*a - i. List the prime factors of -3*(-18 - y/(-3)).
3, 7
Suppose -4*w - 13 = 2*f - 19, 3*f + 2*w = 21. Suppose -17*p + 2632 = -f*p. List the prime factors of p.
7, 47
Let m = -383 + 391. Let i(b) = 15*b**2 - 17*b + 127. List the prime factors of i(m).
3, 317
Let p = 5 - 0. Let k(i) = 4*i**2 - 7*i - 10. Let f(v) = 4*v**2 - 7*v - 9. Let x(r) = p*f(r) - 4*k(r). List the prime factors of x(7).
2, 71
Suppose -o - 11 = 2*k, 0 = -2*o + k + 2*k + 13. Suppose -4*m - 160 = 4*i, 10*m + 3*i + 156 = 6*m. What are the prime factors of (-102)/m - o/6?
3
Suppose -11 = -2*p - 3*b, -p + 5*b + 0*b - 1 = 0. Suppose p*l - 4*v + 3*v = 968, l + 4*v = 225. Suppose -3*s - 52 = -l. What are the prime factors of s?
3, 7
Let k be -4*(-4)/(-8) + (-12)/(-3). Suppose k*n + 422 = 1188. List the prime factors of n.
383
Suppose -5*f - 4*o + 14856 = 0, 5924 = -4*f + 6*f - 3*o. Suppose f = 6*n + 466. What are the prime factors of n?
3, 139
Let b = -1113 - -25415. List the prime factors of b.
2, 29, 419
Let y = -296 - -302. Suppose -y = -4*w - 10, f - 5*w = 110. List the prime factors of f.
3, 5, 7
List the prime factors of -5*-3*18860/150.
2, 23, 41
Let d(g) = -16*g**2 + 24*g - 42. Let j(h) = 11*h**2 - 16*h + 28. Let f = -14 + 7. Let v(l) = f*j(l) - 5*d(l). List the prime factors of v(5).
7
Let q = 366 - -1435. What are the prime factors of q?
1801
Let a be 212/18 + (-2)/72*-8. Suppose 5*w - 2*t = -0*w + 6934, 0 = -5*t - 10. Suppose -j = -a*j + w. List the prime factors of j.
2, 3, 7
Let g = 366 + -332. Suppose 2*m - 5*d - 1594 = -g, 5*m + 2*d - 3929 = 0. What are the prime factors of m?
5, 157
Let g(t) be the first derivative of t**4/4 - 13*t**3/3 + 6*t**2 + 3*t - 4. Let f be g(13). List the prime factors of f*(1 + (-2)/6).
2, 53
Suppose 3*m + 1691*n = 1689*n + 24729, 3*n + 32955 = 4*m. List the prime factors of m.
3, 41, 67
Suppose 0 = 4*p + 16, -2*h + 27*p + 17498 = 25*p. List the prime factors of h.
3, 5, 11, 53
Let l(b) be the first derivative of 9*b**2 + 25*b + 4. Let g be l(-9). Let a = 423 + g. What are the prime factors of a?
2, 11, 13
Suppose 1017444 = 37*n - 610223. List the prime factors of n.
43991
Suppose -3*q + 1790 = 2*q. Suppose -5*z - n = n - 934, 9 = -3*n. Let u = q - z. What are the prime factors of u?
2, 5, 17
Let p be 2 - -3 - 2 - 0. Suppose 5 = u + 2*s, -u - 3*s = -p - 1. What are the prime factors of u?
7
Let n = -429 - -26. Let u = 35 - n. Suppose -s + 2*s = -3*r + u, -5*s = 5*r - 740. L